at is the remainder when 67 is divided by t?
16
Let b = 24 + 4. Let g = -6 + b. Suppose 4 = o - g. What is the remainder when o is divided by 9?
8
Suppose 4*y = 2*y - 60. What is the remainder when 5 is divided by (8/(-20))/(3/y)?
1
Suppose -5*k = -8 - 2. Suppose -k*g + 8 = -20. Suppose 0 = -y - y + 82. Calculate the remainder when y is divided by g.
13
Let r be (-12)/(-8)*(-2 - -4). Suppose q + 4*x - 52 = -3*q, -5*q - r*x + 61 = 0. Calculate the remainder when q/(-1 + (-12)/(-9)) is divided by 9.
6
What is the remainder when 116 is divided by (2 + -22)/5 + 43?
38
Let m = -47 + 51. Calculate the remainder when 9 is divided by m.
1
Let o(j) = j - 1. Let k be o(3). What is the remainder when -1*10*(-5)/k is divided by (-1 + -1*2)*-3?
7
Suppose -3 = -4*p + 105. What is the remainder when p is divided by 10?
7
Suppose 20 = -5*q - 3*n, -3*q + n = 2*q + 20. What is the remainder when q*(-3 + (-2 - -1)) is divided by 9?
7
Let y = 3 + 0. What is the remainder when y is divided by 8/14 - (-70)/49?
1
Suppose 3*x - 2*y + 0*y - 26 = 0, 10 = x - 2*y. What is the remainder when 15 is divided by x?
7
Let x = 16 - -4. Suppose 0 = -5*o + 5*t + 30, 2 + 0 = 2*o - 4*t. What is the remainder when x is divided by o?
9
Let s(x) be the first derivative of -x**4/24 + x**3 + x**2 - 2. Let y(m) be the second derivative of s(m). Calculate the remainder when 35 is divided by y(-6).
11
Suppose -2*j = -7*j + 55. Suppose z - 21 = -5*o, 3 + 42 = 5*z + 5*o. Let k = z + j. What is the remainder when k is divided by 6?
5
Let v = 14 - 6. Let g = v + 0. Suppose 3*o - 42 = 27. What is the remainder when o is divided by g?
7
Suppose -103 = -4*v + m, 0*m - 5*m = -4*v + 99. What is the remainder when v is divided by 10?
6
Suppose -3*b - 32 = -5*b. Suppose -4*r = 4*k - 124 - 4, -r + 28 = -k. Calculate the remainder when r is divided by b.
14
Suppose -3*l + 5 = -1. Suppose m + 21 = 5*f + l*m, -13 = -f + 2*m. Calculate the remainder when (-3)/1 + (-20)/5 + 21 is divided by f.
4
Suppose 2*p = -3*d + 80, 6*d - 126 = d + 4*p. Suppose 1 = 2*l - 9. Suppose -l*x + 3*h = -79, 51 = 4*x - x - 3*h. Calculate the remainder when d is divided by x.
12
Let t(k) = k**3 - 10*k**2 + 5*k - 15. Let z be t(10). Suppose 4*q + v - z = -4*v, -5*v + 5 = -2*q. Calculate the remainder when 7 is divided by q.
2
Let k = 1 + 4. Suppose 4*j + 1 = o - 23, -o = -k*j - 29. Suppose -8*v - 4*y + 32 = -o*v, -5 = 5*y. Calculate the remainder when 16 is divided by v.
7
Let g be (10/6)/((-1)/(-3)). Suppose g*t - 4 = 3*t. What is the remainder when 7 is divided by (-6)/(-9)*3 + t?
3
Calculate the remainder when (28/70)/(1/25) is divided by 6.
4
What is the remainder when 4 is divided by 7/(14/4) - 0?
0
Let c(l) = l**2 - 4*l - 3. Let m be c(5). Suppose 0 = m*x + x - 36. What is the remainder when 7 is divided by (-3)/x - 52/(-16)?
1
Let d(s) = -s**2 + s + 20. Let g(m) = -m**3 + m**2 + 3*m - 2. Let v be g(2). What is the remainder when d(v) is divided by (66/(-9))/((-4)/6)?
9
Let i(j) = 2*j + 43. What is the remainder when 34 is divided by i(-19)?
4
What is the remainder when 46 + 1 + 2 + -1 is divided by 17?
14
Suppose 0 = -4*o + 2*k + 52, -o - k - k = -13. Calculate the remainder when (-2)/(-3) + (-604)/(-12) is divided by o.
12
Suppose -3*a = a - 5*f - 25, -19 = -4*a - f. What is the remainder when 19 is divided by a?
4
Let j(h) = h**2 + h + 13. What is the remainder when j(-10) is divided by 26?
25
Suppose -5*t + 2 = -3*h, -5*h = t + 3*t + 65. Let a(m) = m + 10. What is the remainder when 2 is divided by a(h)?
0
Suppose 8 + 7 = d. What is the remainder when 43 is divided by d?
13
Let a(b) = -b**3 - 6*b**2 - 5*b - 7. Let g be a(-5). Let n(r) = -2*r - 5. Suppose 7*y - 3*y = 68. What is the remainder when y is divided by n(g)?
8
Let p be (-10)/15 - (-11)/3. Let u(r) = r**2 - 2*r + 3. Suppose 0*f = -2*f + 22. What is the remainder when f is divided by u(p)?
5
Suppose 11 + 14 = 5*f. Suppose -f*o + 78 = 3. What is the remainder when 29 is divided by o?
14
Suppose -3*q + 2*l - 663 = 0, -2*q + 3*q + 5*l + 238 = 0. Let z = 315 + q. Calculate the remainder when z is divided by 19.
16
Let l be 6 - (-5)/((-15)/6). Calculate the remainder when (10 - 0)*10/l is divided by 9.
7
Suppose 0 = 4*u - 2*u - 5*f - 21, 0 = 4*u - 3*f - 49. Calculate the remainder when 116 is divided by u.
12
Suppose 151 + 21 = 4*d. Let g = d - 26. What is the remainder when (-202)/(-6) + (-2)/3 is divided by g?
16
Suppose 2*g = -x + 22, -3*x = -7*x + 2*g + 38. Calculate the remainder when 33 is divided by ((-8)/x)/(2/(-36)).
9
Let l be (-330)/(-3) - 3 - -1. Suppose 3*o = -b + 27, 4*b - 4*o = -0*b + l. Calculate the remainder when b is divided by 15.
12
Suppose -3*o + 1 = -2. What is the remainder when 1/o - 52/(-2) is divided by 15?
12
Suppose 0 = -2*k + 7*k + 120. Calculate the remainder when (0 - 11/4)*k is divided by 17.
15
Suppose 184 = 5*x - 3*x. Suppose 2*m - 4*s = x, -m + 4*m - 5*s - 140 = 0. What is the remainder when m is divided by 0 - ((-3)/(-3) - 18)?
16
Let f = 22 + -17. What is the remainder when 14 is divided by f?
4
Let s = -4 + 9. Suppose 3*l - s*w = 36, 0*w = 5*l - 3*w - 76. What is the remainder when 48 is divided by l?
14
Suppose 17*g - 87 = 151. Calculate the remainder when 97 is divided by g.
13
Suppose 8*l + 3 = 11*l. Suppose -2*t = -3*k - 15, 4*t - 5*k - 26 = l. What is the remainder when 4 is divided by t?
1
Let n = 170 + -314. What is the remainder when ((-2)/(-6))/((-8)/n) is divided by 4?
2
Let j(x) = 5*x**2 - 1. Let a be j(1). Suppose 2*z - a*d - 13 = 5*z, z = 5*d + 21. What is the remainder when 3 is divided by z?
0
Let b(y) = y**3 - 12*y**2 + 3*y - 24. Calculate the remainder when b(12) is divided by 8.
4
What is the remainder when 58 is divided by (-3)/(-4)*5*4?
13
Suppose -h = -5 + 3. Suppose -h*t - 7 + 49 = 0. Suppose -t = -x - 2*x. Calculate the remainder when 19 is divided by x.
5
Suppose -195 - 30 = -5*l. Suppose 3*f - 51 = l. Suppose -o + 11 = -0*o. What is the remainder when f is divided by o?
10
Let n(c) = -c**3 - 5*c**2 + 9*c - 6. Calculate the remainder when n(-7) is divided by 17.
12
Calculate the remainder when 96 is divided by ((-15)/(-6))/((-2)/(-20)).
21
Suppose -16 = 5*v + 4, m - 3*v - 65 = 0. Calculate the remainder when m is divided by ((-26)/(-2))/1 - -1.
11
Suppose -13 = 2*b - 61. Suppose -4*h + 5 = -3. Suppose -4*w - n - h*n = -289, 5*w = n + 347. What is the remainder when w is divided by b?
22
Let l = -23 - -12. Let a = 2 - l. What is the remainder when a is divided by 5?
3
Suppose 3*i + 16 - 55 = 0. Let s = 38 - i. Calculate the remainder when 74 is divided by s.
24
Suppose -c - 5*o = -2*c + 29, o = -c + 41. What is the remainder when c is divided by 20?
19
Suppose -6*b + 101 = -139. Let n = 8 - 5. What is the remainder when b is divided by 86/6 + (-1)/n?
12
Let g = 11 + 20. Suppose 0 = -0*b - 2*b + 24. Let t = b + -1. Calculate the remainder when g is divided by t.
9
Let g(p) = -p**2 + 3*p + 4. Calculate the remainder when 7 is divided by g(3).
3
Suppose 11 = -3*g + 4*j, -3*g + 2 = g - 2*j. What is the remainder when 8 is divided by g?
2
Let g(h) = 17*h - 3. Let a(t) = -4*t**3 + t**2 + 2*t + 1. Let m be a(-1). What is the remainder when g(m) is divided by 17?
14
Suppose 2*h = -2*h - 48. What is the remainder when 31 is divided by (-40)/(-6)*h/(-10)?
7
Calculate the remainder when 5*1*224/35 is divided by 11.
10
Suppose 0 = 2*w - 7 - 5. Let b(m) = -2*m**2 - m**3 - 3*m - 2*m + 4*m + 4. Calculate the remainder when b(-3) is divided by w.
4
Let a = 11 - -1. What is the remainder when 224/10 + 4/(-10) is divided by (-17)/(-2) - a/24?
6
Suppose -2*c - 3*q = -35, 3*c - 33 = 2*q + 26. Suppose 2*d + 5*a = 30, 3*d - 4*a - 37 = -15. What is the remainder when (c/(-4))/(2/(-8)) is divided by d?
9
Let y = -5 + 37. Calculate the remainder when 61 is divided by y.
29
Let n be 4/14 - (-60)/(-14). Let h = n - -13. Suppose 0 = 4*w - 3*w - 26. What is the remainder when w is divided by h?
8
Calculate the remainder when 266/(-3)*-1*15/10 is divided by 15.
13
Let l be (152/6)/((-2)/(-3)). Suppose -21 = -2*r + 2*o + 3*o, -5*r + l = 2*o. What is the remainder when 23 is divided by r?
7
Let x(b) = 3*b - 6. Suppose l = 2*l - 6. What is the remainder when 23 is divided by x(l)?
11
Suppose x - 29 = 3*o, -x + 0 + 19 = -o. Calculate